{"id":25039,"date":"2022-07-14T20:36:06","date_gmt":"2022-07-14T20:36:06","guid":{"rendered":"https:\/\/caficon.info\/?page_id=25039"},"modified":"2022-07-14T20:39:35","modified_gmt":"2022-07-14T20:39:35","slug":"materialidad-y-razon-de-negocio-en-la-sustitucion-patronal","status":"publish","type":"page","link":"https:\/\/caficon.info\/index.php\/materialidad-y-razon-de-negocio-en-la-sustitucion-patronal\/","title":{"rendered":"Materialidad y Razon de Negocio en la Sustitucion Patronal"},"content":{"rendered":"\t\t<div data-elementor-type=\"wp-page\" data-elementor-id=\"25039\" class=\"elementor elementor-25039\" data-elementor-post-type=\"page\">\n\t\t\t\t\t\t<section class=\"elementor-section elementor-top-section elementor-element elementor-element-d3cce8c elementor-section-boxed elementor-section-height-default elementor-section-height-default\" data-id=\"d3cce8c\" data-element_type=\"section\">\n\t\t\t\t\t\t<div class=\"elementor-container elementor-column-gap-default\">\n\t\t\t\t\t<div class=\"elementor-column elementor-col-100 elementor-top-column elementor-element elementor-element-e8f2e25\" data-id=\"e8f2e25\" data-element_type=\"column\">\n\t\t\t<div class=\"elementor-widget-wrap\">\n\t\t\t\t\t\t\t<\/div>\n\t\t<\/div>\n\t\t\t\t\t<\/div>\n\t\t<\/section>\n\t\t\t\t<section class=\"elementor-section elementor-top-section elementor-element elementor-element-44151da elementor-section-full_width elementor-hidden-desktop elementor-hidden-tablet elementor-hidden-mobile elementor-section-height-default elementor-section-height-default\" data-id=\"44151da\" data-element_type=\"section\">\n\t\t\t\t\t\t<div class=\"elementor-container elementor-column-gap-default\">\n\t\t\t\t\t<div class=\"elementor-column elementor-col-100 elementor-top-column elementor-element elementor-element-e4f6bbb\" data-id=\"e4f6bbb\" data-element_type=\"column\">\n\t\t\t<div class=\"elementor-widget-wrap elementor-element-populated\">\n\t\t\t\t\t\t<div class=\"elementor-element elementor-element-e546ba8 elementor-widget elementor-widget-heading\" data-id=\"e546ba8\" data-element_type=\"widget\" data-widget_type=\"heading.default\">\n\t\t\t\t<div class=\"elementor-widget-container\">\n\t\t\t\t\t<h2 class=\"elementor-heading-title elementor-size-default\">Que encontraras en el Temario<\/h2>\t\t\t\t<\/div>\n\t\t\t\t<\/div>\n\t\t\t\t\t<\/div>\n\t\t<\/div>\n\t\t\t\t\t<\/div>\n\t\t<\/section>\n\t\t\t\t<section class=\"elementor-section elementor-top-section elementor-element elementor-element-17c77fc elementor-section-full_width elementor-hidden-desktop elementor-hidden-tablet elementor-hidden-mobile elementor-section-height-default elementor-section-height-default\" data-id=\"17c77fc\" data-element_type=\"section\">\n\t\t\t\t\t\t<div class=\"elementor-container elementor-column-gap-default\">\n\t\t\t\t\t<div class=\"elementor-column elementor-col-25 elementor-top-column elementor-element elementor-element-bad9697\" data-id=\"bad9697\" data-element_type=\"column\">\n\t\t\t<div class=\"elementor-widget-wrap elementor-element-populated\">\n\t\t\t\t\t\t\t<\/div>\n\t\t<\/div>\n\t\t\t\t<div class=\"elementor-column elementor-col-25 elementor-top-column elementor-element elementor-element-f95169f\" data-id=\"f95169f\" data-element_type=\"column\">\n\t\t\t<div class=\"elementor-widget-wrap elementor-element-populated\">\n\t\t\t\t\t\t<div class=\"elementor-element elementor-element-ec99a35 elementor-widget elementor-widget-text-editor\" data-id=\"ec99a35\" data-element_type=\"widget\" data-widget_type=\"text-editor.default\">\n\t\t\t\t<div class=\"elementor-widget-container\">\n\t\t\t\t\t\t\t\t\t<p><span style=\"color: #ff6600;\"><strong>Objetivo<\/strong><\/span><\/p><p><strong style=\"color: #ff6600;\">Dirigido<\/strong><\/p>\t\t\t\t\t\t\t\t<\/div>\n\t\t\t\t<\/div>\n\t\t\t\t\t<\/div>\n\t\t<\/div>\n\t\t\t\t<div class=\"elementor-column elementor-col-25 elementor-top-column elementor-element elementor-element-9b73c31\" data-id=\"9b73c31\" data-element_type=\"column\">\n\t\t\t<div class=\"elementor-widget-wrap elementor-element-populated\">\n\t\t\t\t\t\t<div class=\"elementor-element elementor-element-91156fc elementor-widget elementor-widget-text-editor\" data-id=\"91156fc\" data-element_type=\"widget\" data-widget_type=\"text-editor.default\">\n\t\t\t\t<div class=\"elementor-widget-container\">\n\t\t\t\t\t\t\t\t\t<h5><span style=\"color: #ff6600;\">Temario:<\/span><\/h5><p>1. MARCO NORMATIVO<\/p><p>a. Regularizaci\u00f3n del sistema de transporte de mercanc\u00edas<\/p><p>b. Publicaciones de la autoridad fiscal<\/p><p>2. C\u00d3DIGO FISCAL DE LA FEDERACI\u00d3N<\/p><p>a. Requisitos de los comprobantes fiscales<\/p><p>b. Tipos de comprobantes<\/p><p>c. CFDI de Ingresos<\/p><p>d. CFDI de Traslado<\/p><p>e. Emisi\u00f3n electr\u00f3nica<\/p><p>f. Representaci\u00f3n Impresa<\/p><p>g. Cancelaci\u00f3n y sustituci\u00f3n de comprobantes<\/p><p>h. Esquemas de cancelaci\u00f3n y sus requisitos<\/p><p>3. RESOLUCI\u00d3N MISCEL\u00c1NEA FISCAL 2021<\/p><p>a. Reglas de emisi\u00f3n del CFDI con complemento Carta Porte<\/p><p>b. Documentos importantes<\/p><p>c. Gu\u00edas de Llenado de CFDI V.3.3<\/p><p>d. Cat\u00e1logos de los CFDI de Ingresos y Traslado<\/p><p>\u00b7 Instructivo de llenado<\/p><p>e. Fechas importes a considerar<\/p><p>4. CARTA PORTE<\/p><p>a. Requisitos de la Carta Porte<\/p><p>b. Instructivo de llenado del CFDI al que se le incorpora el<\/p><p>Complemento Carta Porte<\/p><p>c. Cat\u00e1logos del complemento de carta porte 23 cat\u00e1logos<\/p><p>d. Qui\u00e9nes est\u00e1n obligados a emitirla<\/p><p>e. Due\u00f1os<\/p><p>f. Prestadores de servicio<\/p><p>g. Auxiliares de servicio de transporte<\/p><p>h. Contribuyentes a utilizar el CFDI con Complemento Carta Porte<\/p><p>i. Medios de Transporte: Autotransporte, Tren, Avi\u00f3n, Barco.<\/p><p>j. Cat\u00e1logos a utilizar<\/p><p>5. C\u00d3MO EMITIR EL CFDI CON COMPLEMENTO CARTA PORTE<\/p><p>a. Casos pr\u00e1cticos de llenado<\/p><p>b. Cuando emitirlo<\/p><p>c. Qui\u00e9nes emiten<\/p><p>d. Due\u00f1os de Mercanc\u00edas<\/p><p>e. Prestadores de servicios de transporte<\/p><p>6. Servicio de consulta y recuperaci\u00f3n de factura del SAT<\/p><p>a. Consulta del CFDI emitido<\/p><p>b. Recuperaci\u00f3n de descargas<\/p><p>c. Servicio de cancelaci\u00f3n del CFDI<\/p><p>d. Generalidades de su esquema de cancelaci\u00f3n<\/p><p>e. Medios necesarios para efectuar la cancelaci\u00f3n<\/p><p>f. Uso del \u201cServicio de Cancelaci\u00f3n\u201d<\/p><p>g. Conciliaci\u00f3n de quejas por facturaci\u00f3n<\/p><p>7. Infracciones y sanciones por incumplimiento<\/p><p>a. Autoridades que pueden verificar mercanc\u00edas<\/p><p>b. Lugares y horarios que pueden las autoridades verificar<\/p><p>mercanc\u00edas<\/p><p>c. Documentos que se deben de contar para acreditar estancia<\/p><p>legal de mercanc\u00edas<\/p><p>d. Consecuencias por no emitir el CFDI de traslado con complemento<\/p><p>e. Multas y sanciones por no contar con el CFDI con complemento<\/p><p>carta porte<\/p><p>f. Multas por no querer emitir el CFDI<\/p><p>8. CONCLUSIONES Y RECOMENDACIONES<\/p>\t\t\t\t\t\t\t\t<\/div>\n\t\t\t\t<\/div>\n\t\t\t\t\t<\/div>\n\t\t<\/div>\n\t\t\t\t<div class=\"elementor-column elementor-col-25 elementor-top-column elementor-element elementor-element-7dc382e\" data-id=\"7dc382e\" data-element_type=\"column\">\n\t\t\t<div class=\"elementor-widget-wrap\">\n\t\t\t\t\t\t\t<\/div>\n\t\t<\/div>\n\t\t\t\t\t<\/div>\n\t\t<\/section>\n\t\t\t\t<section class=\"elementor-section elementor-top-section elementor-element elementor-element-e6521b3 elementor-section-full_width elementor-section-height-default elementor-section-height-default\" data-id=\"e6521b3\" data-element_type=\"section\">\n\t\t\t\t\t\t<div class=\"elementor-container elementor-column-gap-default\">\n\t\t\t\t\t<div class=\"elementor-column elementor-col-100 elementor-top-column elementor-element elementor-element-066f97c\" data-id=\"066f97c\" data-element_type=\"column\">\n\t\t\t<div class=\"elementor-widget-wrap elementor-element-populated\">\n\t\t\t\t\t\t<div class=\"elementor-element elementor-element-8052acc elementor-widget elementor-widget-spacer\" data-id=\"8052acc\" data-element_type=\"widget\" data-widget_type=\"spacer.default\">\n\t\t\t\t<div class=\"elementor-widget-container\">\n\t\t\t\t\t\t\t<div class=\"elementor-spacer\">\n\t\t\t<div class=\"elementor-spacer-inner\"><\/div>\n\t\t<\/div>\n\t\t\t\t\t\t<\/div>\n\t\t\t\t<\/div>\n\t\t\t\t<div class=\"elementor-element elementor-element-9fd06c3 elementor-widget elementor-widget-heading\" data-id=\"9fd06c3\" data-element_type=\"widget\" data-widget_type=\"heading.default\">\n\t\t\t\t<div class=\"elementor-widget-container\">\n\t\t\t\t\t<h2 class=\"elementor-heading-title elementor-size-default\">\u00bfQuien Impartir\u00e1 este Curso?<\/h2>\t\t\t\t<\/div>\n\t\t\t\t<\/div>\n\t\t\t\t\t<\/div>\n\t\t<\/div>\n\t\t\t\t\t<\/div>\n\t\t<\/section>\n\t\t\t\t<section class=\"elementor-section elementor-top-section elementor-element elementor-element-8274d1d elementor-section-full_width elementor-section-height-default elementor-section-height-default\" data-id=\"8274d1d\" data-element_type=\"section\">\n\t\t\t\t\t\t<div class=\"elementor-container elementor-column-gap-default\">\n\t\t\t\t\t<div class=\"elementor-column elementor-col-50 elementor-top-column elementor-element elementor-element-20b76ca\" data-id=\"20b76ca\" data-element_type=\"column\">\n\t\t\t<div class=\"elementor-widget-wrap elementor-element-populated\">\n\t\t\t\t\t\t<div class=\"elementor-element elementor-element-ab1c0a1 elementor-widget elementor-widget-image\" data-id=\"ab1c0a1\" data-element_type=\"widget\" data-widget_type=\"image.default\">\n\t\t\t\t<div class=\"elementor-widget-container\">\n\t\t\t\t\t\t\t\t\t\t\t\t\t\t\t<img decoding=\"async\" src=\"https:\/\/caficon.info\/wp-content\/uploads\/2022\/01\/1.jpeg\" title=\"1\" alt=\"1\" loading=\"lazy\" \/>\t\t\t\t\t\t\t\t\t\t\t\t\t\t\t<\/div>\n\t\t\t\t<\/div>\n\t\t\t\t<div class=\"elementor-element elementor-element-7c2f11e elementor-widget elementor-widget-html\" data-id=\"7c2f11e\" data-element_type=\"widget\" data-widget_type=\"html.default\">\n\t\t\t\t<div class=\"elementor-widget-container\">\n\t\t\t\t\t<h4 style=\"text-align: center;\"><span style=\"color: #ff6600;\">L.C.E.F. y E.D.F. Miguel Angel Martinez Uc<\/span><\/h4>\t\t\t\t<\/div>\n\t\t\t\t<\/div>\n\t\t\t\t\t<\/div>\n\t\t<\/div>\n\t\t\t\t<div class=\"elementor-column elementor-col-50 elementor-top-column elementor-element elementor-element-e3d5d86\" data-id=\"e3d5d86\" data-element_type=\"column\">\n\t\t\t<div class=\"elementor-widget-wrap elementor-element-populated\">\n\t\t\t\t\t\t<div class=\"elementor-element elementor-element-0a9c372 elementor-widget elementor-widget-spacer\" data-id=\"0a9c372\" data-element_type=\"widget\" data-widget_type=\"spacer.default\">\n\t\t\t\t<div class=\"elementor-widget-container\">\n\t\t\t\t\t\t\t<div class=\"elementor-spacer\">\n\t\t\t<div class=\"elementor-spacer-inner\"><\/div>\n\t\t<\/div>\n\t\t\t\t\t\t<\/div>\n\t\t\t\t<\/div>\n\t\t\t\t<div class=\"elementor-element elementor-element-79323d2 elementor-widget elementor-widget-heading\" data-id=\"79323d2\" data-element_type=\"widget\" data-widget_type=\"heading.default\">\n\t\t\t\t<div class=\"elementor-widget-container\">\n\t\t\t\t\t<h2 class=\"elementor-heading-title elementor-size-default\">CV:<\/h2>\t\t\t\t<\/div>\n\t\t\t\t<\/div>\n\t\t\t\t<div class=\"elementor-element elementor-element-fbef131 elementor-widget elementor-widget-text-editor\" data-id=\"fbef131\" data-element_type=\"widget\" data-widget_type=\"text-editor.default\">\n\t\t\t\t<div class=\"elementor-widget-container\">\n\t\t\t\t\t\t\t\t\t<ul><li><strong>Licenciado en Contadur\u00eda egresado de la Facultad de Contadur\u00eda y Administraci\u00f3n de la UNAM<\/strong><\/li><li><strong>Especialista en Fiscal egresado de la Divisi\u00f3n de Estudios de Posgrado de la misma Instituci\u00f3n <\/strong><\/li><li><strong>Especialista en Derecho Fiscal egresado de la Divisi\u00f3n de Estudios de Posgrado de la Facultad de Derecho de la UNAM<\/strong><\/li><li><strong>DESARROLLO PROFESIONAL EN EL \u00c1REA DOCENTE:<\/strong><\/li><li><strong>Profesor de Posgrado, Licenciatura, Seminarios y Diplomados de Titulaci\u00f3n, Ex\u00e1menes Profesionales y \u2013<\/strong><\/li><li><strong>Diplomados de Actualizaci\u00f3n en la Facultad de Contadur\u00eda y Administraci\u00f3n de la UNAM, desde 1995.<\/strong><\/li><li><strong>PROFESOR EN DIPLOMADOS, ESPECIALIDADES Y MAESTR\u00cdAS EN VARIAS INSTITUCIONES EDUCATIVAS LA REP\u00daBLICA COMO SON:<\/strong><\/li><li><strong>Facultad de Contadur\u00eda y Administraci\u00f3n de la UNAM., en varios estados. <\/strong><\/li><li><strong>Universidad Aut\u00f3noma del Estado de Morelos. <\/strong><\/li><li><strong>Universidad Aut\u00f3noma de Yucat\u00e1n. <\/strong><\/li><li><strong>Universidad An\u00e1huac, A.C. <\/strong><\/li><li><strong>Universidad Mexicana de Educaci\u00f3n a Distancia, A.C. <\/strong><\/li><li><strong>Universidad Internacional, S.C. <\/strong><\/li><li><strong>Instituto de Estudios Superiores Juan Ruiz de Alarc\u00f3n, A.C. <\/strong><\/li><li><strong>Universidad Crist\u00f3bal Col\u00f3n, A.C. <\/strong><\/li><li><strong>Instituto de Especializaci\u00f3n para Ejecutivos, A.C.<\/strong><\/li><li><strong>EXPOSITOR DEL PROGRAMA TELEVISIVO Y RADIO \u201cCONSULTORIO FISCAL\u201d Y VIDEOCONFERENCIAS EN LA DIVISI\u00d3N DE EDUCACI\u00d3N CONTINUA DE LA FACULTAD DE CONTADUR\u00cdA Y ADMINISTRACI\u00d3N DE LA UNAM:<\/strong><\/li><li><strong>Conductor del programa Televisivo y Radio \u201cCONSULTORIO FISCAL\u201d de la Facultad de Contadur\u00eda y Administraci\u00f3n de la UNAM. <\/strong><\/li><li><strong>Expositor de temas fiscales en el Instituto de Investigaciones Jur\u00eddicas de la UNAM. &#8211; Conferencista de temas fiscales en diversas C\u00e1maras, Colegios de Contadores, Agrupaciones Empresariales y Agrupaciones Profesionales del pa\u00eds. <\/strong><\/li><li><strong>Coordinador fiscal del Instituto de Capacitaci\u00f3n y Especializaci\u00f3n, S.C. en Celaya, Gto. &#8211; Capacitador de la SHCP-SAT. \u2013<\/strong><\/li><li><strong>Expositor en la implementaci\u00f3n del R\u00e9gimen Simplificado en la D.E.I., Tegucigalpa, Honduras. <\/strong><\/li><li><strong>Miembro de la Comisi\u00f3n Dictaminadora de T\u00e9cnicos Acad\u00e9micos de la Facultad de Contadur\u00eda y Administraci\u00f3n del UNAM. <\/strong><\/li><li><strong>Miembro del Cuerpo Arbitral desde hace 7 a\u00f1os en el Congreso Internacional de Contadur\u00eda, Administraci\u00f3n e Inform\u00e1tica.<\/strong><\/li><li><strong>EN EL SECTOR INDEPENDIENTE:<\/strong><\/li><li><strong>Activo desde 1992, como Consultor y Asesor en las \u00e1reas de Contabilidad, Impuestos, Estructuras Corporativas y <\/strong><\/li><li><strong>Protecci\u00f3n Patrimonial en: &#8211; RAUL AMEZQUITA Y ASOCIADOS, S.C., Asociado Consultor con la firma. <\/strong><\/li><li><strong>OROZCO FELGUERES Y ASOCIADOS, S.C., Asociado Consultor con la firma. <\/strong><\/li><li><strong>DESARROLLO FISCAL EMPRESARIAL, S.C., Socio Director de la firma. <\/strong><\/li><li><strong>Miembro de la Comisi\u00f3n Fiscal de la Zona Centro del IMCP. <\/strong><\/li><li><strong>Asesor del Congreso de la Uni\u00f3n para la Reforma Fiscal. <\/strong><\/li><li><strong>Asesor de la Direcci\u00f3n Jur\u00eddica del INFONAVIT. <\/strong><\/li><li><strong>Asesor del Corporativo PARRES en Colombia, Ecuador y Per\u00fa. <\/strong><\/li><li><strong>Asesor del Corporativo Concepto M\u00f3vil en toda Latinoam\u00e9rica. <\/strong><\/li><li><strong>Asesor del Corporativo Hotelero Aquaria, en Madrid Espa\u00f1a.<\/strong><\/li><li><strong>Asesor del corporativo Met Atl\u00e1ntica en Europa y en M\u00e9xico.<\/strong><\/li><\/ul><p><strong>\u00a0<\/strong><\/p>\t\t\t\t\t\t\t\t<\/div>\n\t\t\t\t<\/div>\n\t\t\t\t<div class=\"elementor-element elementor-element-0fde931 elementor-widget elementor-widget-spacer\" data-id=\"0fde931\" data-element_type=\"widget\" data-widget_type=\"spacer.default\">\n\t\t\t\t<div class=\"elementor-widget-container\">\n\t\t\t\t\t\t\t<div class=\"elementor-spacer\">\n\t\t\t<div class=\"elementor-spacer-inner\"><\/div>\n\t\t<\/div>\n\t\t\t\t\t\t<\/div>\n\t\t\t\t<\/div>\n\t\t\t\t\t<\/div>\n\t\t<\/div>\n\t\t\t\t\t<\/div>\n\t\t<\/section>\n\t\t\t\t<\/div>\n\t\t","protected":false},"excerpt":{"rendered":"<p>Que encontraras en el Temario Objetivo Dirigido Temario: 1. MARCO NORMATIVO a. Regularizaci\u00f3n del sistema de transporte de mercanc\u00edas b. Publicaciones de la autoridad fiscal 2. C\u00d3DIGO FISCAL DE LA FEDERACI\u00d3N a. Requisitos de los comprobantes fiscales b. Tipos de comprobantes c. CFDI de Ingresos d. CFDI de Traslado e. Emisi\u00f3n electr\u00f3nica f. Representaci\u00f3n Impresa [&hellip;]<\/p>\n","protected":false},"author":1,"featured_media":0,"parent":0,"menu_order":0,"comment_status":"closed","ping_status":"closed","template":"","meta":{"footnotes":""},"class_list":["post-25039","page","type-page","status-publish","hentry"],"_links":{"self":[{"href":"https:\/\/caficon.info\/index.php\/wp-json\/wp\/v2\/pages\/25039","targetHints":{"allow":["GET"]}}],"collection":[{"href":"https:\/\/caficon.info\/index.php\/wp-json\/wp\/v2\/pages"}],"about":[{"href":"https:\/\/caficon.info\/index.php\/wp-json\/wp\/v2\/types\/page"}],"author":[{"embeddable":true,"href":"https:\/\/caficon.info\/index.php\/wp-json\/wp\/v2\/users\/1"}],"replies":[{"embeddable":true,"href":"https:\/\/caficon.info\/index.php\/wp-json\/wp\/v2\/comments?post=25039"}],"version-history":[{"count":7,"href":"https:\/\/caficon.info\/index.php\/wp-json\/wp\/v2\/pages\/25039\/revisions"}],"predecessor-version":[{"id":25046,"href":"https:\/\/caficon.info\/index.php\/wp-json\/wp\/v2\/pages\/25039\/revisions\/25046"}],"wp:attachment":[{"href":"https:\/\/caficon.info\/index.php\/wp-json\/wp\/v2\/media?parent=25039"}],"curies":[{"name":"wp","href":"https:\/\/api.w.org\/{rel}","templated":true}]}}