{"id":25425,"date":"2022-08-17T08:01:43","date_gmt":"2022-08-17T08:01:43","guid":{"rendered":"https:\/\/caficon.info\/?page_id=25425"},"modified":"2022-08-17T08:20:11","modified_gmt":"2022-08-17T08:20:11","slug":"oscar-jairo-zaldivar-zamorano","status":"publish","type":"page","link":"https:\/\/caficon.info\/index.php\/oscar-jairo-zaldivar-zamorano\/","title":{"rendered":"\u00d3scar Jairo Zaldivar Zamorano"},"content":{"rendered":"\t\t<div data-elementor-type=\"wp-page\" data-elementor-id=\"25425\" class=\"elementor elementor-25425\" data-elementor-post-type=\"page\">\n\t\t\t\t\t\t<section class=\"elementor-section elementor-top-section elementor-element elementor-element-551e668 elementor-section-boxed elementor-section-height-default elementor-section-height-default\" data-id=\"551e668\" data-element_type=\"section\">\n\t\t\t\t\t\t<div class=\"elementor-container elementor-column-gap-default\">\n\t\t\t\t\t<div class=\"elementor-column elementor-col-50 elementor-top-column elementor-element elementor-element-8b1999b\" data-id=\"8b1999b\" data-element_type=\"column\">\n\t\t\t<div class=\"elementor-widget-wrap elementor-element-populated\">\n\t\t\t\t\t\t<div class=\"elementor-element elementor-element-63ad057 elementor-widget elementor-widget-image\" data-id=\"63ad057\" data-element_type=\"widget\" data-widget_type=\"image.default\">\n\t\t\t\t<div class=\"elementor-widget-container\">\n\t\t\t\t\t\t\t\t\t\t\t\t\t\t\t<img fetchpriority=\"high\" decoding=\"async\" width=\"233\" height=\"300\" src=\"https:\/\/caficon.info\/wp-content\/uploads\/2022\/08\/OSCAR-JAIRO-ZALDIVAR-ZAMORANO-1-233x300.jpg\" class=\"attachment-medium size-medium wp-image-25430\" alt=\"\" srcset=\"https:\/\/caficon.info\/wp-content\/uploads\/2022\/08\/OSCAR-JAIRO-ZALDIVAR-ZAMORANO-1-233x300.jpg 233w, https:\/\/caficon.info\/wp-content\/uploads\/2022\/08\/OSCAR-JAIRO-ZALDIVAR-ZAMORANO-1.jpg 316w\" sizes=\"(max-width: 233px) 100vw, 233px\" \/>\t\t\t\t\t\t\t\t\t\t\t\t\t\t\t<\/div>\n\t\t\t\t<\/div>\n\t\t\t\t<section class=\"elementor-section elementor-inner-section elementor-element elementor-element-10b353f elementor-section-boxed elementor-section-height-default elementor-section-height-default\" data-id=\"10b353f\" data-element_type=\"section\">\n\t\t\t\t\t\t<div class=\"elementor-container elementor-column-gap-default\">\n\t\t\t\t\t<div class=\"elementor-column elementor-col-33 elementor-inner-column elementor-element elementor-element-c8d1eb7\" data-id=\"c8d1eb7\" data-element_type=\"column\">\n\t\t\t<div class=\"elementor-widget-wrap\">\n\t\t\t\t\t\t\t<\/div>\n\t\t<\/div>\n\t\t\t\t<div class=\"elementor-column elementor-col-33 elementor-inner-column elementor-element elementor-element-33aa37d\" data-id=\"33aa37d\" data-element_type=\"column\">\n\t\t\t<div class=\"elementor-widget-wrap elementor-element-populated\">\n\t\t\t\t\t\t<div class=\"elementor-element elementor-element-ba41448 elementor-widget-divider--view-line_icon elementor-view-default elementor-widget-divider--element-align-center elementor-widget elementor-widget-divider\" data-id=\"ba41448\" data-element_type=\"widget\" data-widget_type=\"divider.default\">\n\t\t\t\t<div class=\"elementor-widget-container\">\n\t\t\t\t\t\t\t<div class=\"elementor-divider\">\n\t\t\t<span class=\"elementor-divider-separator\">\n\t\t\t\t\t\t\t<div class=\"elementor-icon elementor-divider__element\">\n\t\t\t\t\t<i aria-hidden=\"true\" class=\"far fa-building\"><\/i><\/div>\n\t\t\t\t\t\t<\/span>\n\t\t<\/div>\n\t\t\t\t\t\t<\/div>\n\t\t\t\t<\/div>\n\t\t\t\t\t<\/div>\n\t\t<\/div>\n\t\t\t\t<div class=\"elementor-column elementor-col-33 elementor-inner-column elementor-element elementor-element-bb47ba6\" data-id=\"bb47ba6\" data-element_type=\"column\">\n\t\t\t<div class=\"elementor-widget-wrap\">\n\t\t\t\t\t\t\t<\/div>\n\t\t<\/div>\n\t\t\t\t\t<\/div>\n\t\t<\/section>\n\t\t\t\t<div class=\"elementor-element elementor-element-ee2af3d elementor-widget elementor-widget-heading\" data-id=\"ee2af3d\" data-element_type=\"widget\" data-widget_type=\"heading.default\">\n\t\t\t\t<div class=\"elementor-widget-container\">\n\t\t\t\t\t<h2 class=\"elementor-heading-title elementor-size-default\">\u00d3scar Jairo Zaldivar Zamorano<\/h2>\t\t\t\t<\/div>\n\t\t\t\t<\/div>\n\t\t\t\t<div class=\"elementor-element elementor-element-0b6770b elementor-icon-list--layout-traditional elementor-list-item-link-full_width elementor-widget elementor-widget-icon-list\" data-id=\"0b6770b\" data-element_type=\"widget\" data-widget_type=\"icon-list.default\">\n\t\t\t\t<div class=\"elementor-widget-container\">\n\t\t\t\t\t\t\t<ul class=\"elementor-icon-list-items\">\n\t\t\t\t\t\t\t<li class=\"elementor-icon-list-item\">\n\t\t\t\t\t\t\t\t\t\t\t<span class=\"elementor-icon-list-icon\">\n\t\t\t\t\t\t\t<i aria-hidden=\"true\" class=\"fas fa-certificate\"><\/i>\t\t\t\t\t\t<\/span>\n\t\t\t\t\t\t\t\t\t\t<span class=\"elementor-icon-list-text\">C\u00e9dula profesional: 003007<\/span>\n\t\t\t\t\t\t\t\t\t<\/li>\n\t\t\t\t\t\t\t\t<li class=\"elementor-icon-list-item\">\n\t\t\t\t\t\t\t\t\t\t\t<a href=\"https:\/\/caficon.info\/wp-content\/Ram\u00f3n-Cereceda-Avila.docx\">\n\n\t\t\t\t\t\t\t\t\t\t\t\t<span class=\"elementor-icon-list-icon\">\n\t\t\t\t\t\t\t<i aria-hidden=\"true\" class=\"fas fa-file-pdf\"><\/i>\t\t\t\t\t\t<\/span>\n\t\t\t\t\t\t\t\t\t\t<span class=\"elementor-icon-list-text\">CV<\/span>\n\t\t\t\t\t\t\t\t\t\t\t<\/a>\n\t\t\t\t\t\t\t\t\t<\/li>\n\t\t\t\t\t\t<\/ul>\n\t\t\t\t\t\t<\/div>\n\t\t\t\t<\/div>\n\t\t\t\t\t<\/div>\n\t\t<\/div>\n\t\t\t\t<div class=\"elementor-column elementor-col-50 elementor-top-column elementor-element elementor-element-cf60705\" data-id=\"cf60705\" data-element_type=\"column\">\n\t\t\t<div class=\"elementor-widget-wrap elementor-element-populated\">\n\t\t\t\t\t\t<div class=\"elementor-element elementor-element-a59748c elementor-widget elementor-widget-heading\" data-id=\"a59748c\" data-element_type=\"widget\" data-widget_type=\"heading.default\">\n\t\t\t\t<div class=\"elementor-widget-container\">\n\t\t\t\t\t<h2 class=\"elementor-heading-title elementor-size-default\">Educaci\u00f3n y formaci\u00f3n<\/h2>\t\t\t\t<\/div>\n\t\t\t\t<\/div>\n\t\t\t\t<div class=\"elementor-element elementor-element-739dfe3 elementor-widget elementor-widget-text-editor\" data-id=\"739dfe3\" data-element_type=\"widget\" data-widget_type=\"text-editor.default\">\n\t\t\t\t<div class=\"elementor-widget-container\">\n\t\t\t\t\t\t\t\t\t<p><strong>NOMBRE<\/strong>: OSCAR JAIRO ZALDIVAR ZAMORANO<\/p><p>\u00a0<\/p><p><strong>FORMACION ACADEMICA:<\/strong><\/p><p><strong>\u00a0<\/strong><\/p><p><strong>LICENCIATURA EN DERECHO EN EL CENTRO DE ESTUDIOS SUPERIORES EN CIENCIAS JURIDICAS Y CRIMINOLOGICAS.<\/strong><\/p><p><strong>\u00a0<\/strong><\/p><ul><li><strong>TITULADO CON C\u00c9DULA PROFESIONAL N\u00daMERO: 08782971<\/strong><\/li><\/ul><p><strong>\u00a0<\/strong><\/p><p><strong>MAESTR\u00cdA Y ESPECIALIDAD EN LITIGACION EN JUICIOS ORALES, EN EL MISMO CENTRO DE ESTUDIOS ARRIBA DESCRITO.<\/strong><\/p><p><strong>\u00a0<\/strong><\/p><ul><li><strong>EN PROCESO DE TITULACION<\/strong><\/li><\/ul><p><strong>\u00a0<\/strong><\/p><p><strong>TEACHERS TRAINING COURSE (TTC), (CERTIFICADO).<\/strong><\/p><p><strong>\u00a0<\/strong><\/p><p><strong>PERITO EN DOCUMENTOS CUESTIONADOS. (CEDULA NUMERO 003007)<\/strong><\/p>\t\t\t\t\t\t\t\t<\/div>\n\t\t\t\t<\/div>\n\t\t\t\t\t<\/div>\n\t\t<\/div>\n\t\t\t\t\t<\/div>\n\t\t<\/section>\n\t\t\t\t<\/div>\n\t\t","protected":false},"excerpt":{"rendered":"<p>\u00d3scar Jairo Zaldivar Zamorano C\u00e9dula profesional: 003007 CV Educaci\u00f3n y formaci\u00f3n NOMBRE: OSCAR JAIRO ZALDIVAR ZAMORANO \u00a0 FORMACION ACADEMICA: \u00a0 LICENCIATURA EN DERECHO EN EL CENTRO DE ESTUDIOS SUPERIORES EN CIENCIAS JURIDICAS Y CRIMINOLOGICAS. \u00a0 TITULADO CON C\u00c9DULA PROFESIONAL N\u00daMERO: 08782971 \u00a0 MAESTR\u00cdA Y ESPECIALIDAD EN LITIGACION EN JUICIOS ORALES, EN EL MISMO CENTRO DE [&hellip;]<\/p>\n","protected":false},"author":1,"featured_media":0,"parent":0,"menu_order":0,"comment_status":"closed","ping_status":"closed","template":"","meta":{"footnotes":""},"class_list":["post-25425","page","type-page","status-publish","hentry"],"_links":{"self":[{"href":"https:\/\/caficon.info\/index.php\/wp-json\/wp\/v2\/pages\/25425","targetHints":{"allow":["GET"]}}],"collection":[{"href":"https:\/\/caficon.info\/index.php\/wp-json\/wp\/v2\/pages"}],"about":[{"href":"https:\/\/caficon.info\/index.php\/wp-json\/wp\/v2\/types\/page"}],"author":[{"embeddable":true,"href":"https:\/\/caficon.info\/index.php\/wp-json\/wp\/v2\/users\/1"}],"replies":[{"embeddable":true,"href":"https:\/\/caficon.info\/index.php\/wp-json\/wp\/v2\/comments?post=25425"}],"version-history":[{"count":7,"href":"https:\/\/caficon.info\/index.php\/wp-json\/wp\/v2\/pages\/25425\/revisions"}],"predecessor-version":[{"id":25440,"href":"https:\/\/caficon.info\/index.php\/wp-json\/wp\/v2\/pages\/25425\/revisions\/25440"}],"wp:attachment":[{"href":"https:\/\/caficon.info\/index.php\/wp-json\/wp\/v2\/media?parent=25425"}],"curies":[{"name":"wp","href":"https:\/\/api.w.org\/{rel}","templated":true}]}}