{"id":28167,"date":"2023-01-24T18:19:48","date_gmt":"2023-01-24T18:19:48","guid":{"rendered":"https:\/\/caficon.info\/?page_id=28167"},"modified":"2023-01-31T18:28:14","modified_gmt":"2023-01-31T18:28:14","slug":"declaracion-anual-p-m-nuevo-formato-con-estados-financieros","status":"publish","type":"page","link":"https:\/\/caficon.info\/index.php\/declaracion-anual-p-m-nuevo-formato-con-estados-financieros\/","title":{"rendered":"Declaracion Anual P.M. (Nuevo Formato con Estados Financieros)"},"content":{"rendered":"\t\t<div data-elementor-type=\"wp-page\" data-elementor-id=\"28167\" class=\"elementor elementor-28167\" data-elementor-post-type=\"page\">\n\t\t\t\t\t\t<section class=\"elementor-section elementor-top-section elementor-element elementor-element-60cfd19 elementor-section-boxed elementor-section-height-default elementor-section-height-default\" data-id=\"60cfd19\" data-element_type=\"section\">\n\t\t\t\t\t\t<div class=\"elementor-container elementor-column-gap-default\">\n\t\t\t\t\t<div class=\"elementor-column elementor-col-100 elementor-top-column elementor-element elementor-element-762b169\" data-id=\"762b169\" data-element_type=\"column\">\n\t\t\t<div class=\"elementor-widget-wrap\">\n\t\t\t\t\t\t\t<\/div>\n\t\t<\/div>\n\t\t\t\t\t<\/div>\n\t\t<\/section>\n\t\t\t\t<section class=\"elementor-section elementor-top-section elementor-element elementor-element-97ae5b7 elementor-section-full_width elementor-section-height-default elementor-section-height-default\" data-id=\"97ae5b7\" data-element_type=\"section\">\n\t\t\t\t\t\t<div class=\"elementor-container elementor-column-gap-default\">\n\t\t\t\t\t<div class=\"elementor-column elementor-col-100 elementor-top-column elementor-element elementor-element-4610b91\" data-id=\"4610b91\" data-element_type=\"column\">\n\t\t\t<div class=\"elementor-widget-wrap elementor-element-populated\">\n\t\t\t\t\t\t<div class=\"elementor-element elementor-element-7c46695 elementor-widget elementor-widget-heading\" data-id=\"7c46695\" data-element_type=\"widget\" data-widget_type=\"heading.default\">\n\t\t\t\t<div class=\"elementor-widget-container\">\n\t\t\t\t\t<h2 class=\"elementor-heading-title elementor-size-default\">Que encontraras en el Temario<\/h2>\t\t\t\t<\/div>\n\t\t\t\t<\/div>\n\t\t\t\t\t<\/div>\n\t\t<\/div>\n\t\t\t\t\t<\/div>\n\t\t<\/section>\n\t\t\t\t<section class=\"elementor-section elementor-top-section elementor-element elementor-element-f6216cf elementor-section-full_width elementor-section-height-default elementor-section-height-default\" data-id=\"f6216cf\" data-element_type=\"section\">\n\t\t\t\t\t\t<div class=\"elementor-container elementor-column-gap-default\">\n\t\t\t\t\t<div class=\"elementor-column elementor-col-20 elementor-top-column elementor-element elementor-element-d25645a\" data-id=\"d25645a\" data-element_type=\"column\">\n\t\t\t<div class=\"elementor-widget-wrap elementor-element-populated\">\n\t\t\t\t\t\t\t<\/div>\n\t\t<\/div>\n\t\t\t\t<div class=\"elementor-column elementor-col-20 elementor-top-column elementor-element elementor-element-d5ec4ca\" data-id=\"d5ec4ca\" data-element_type=\"column\">\n\t\t\t<div class=\"elementor-widget-wrap elementor-element-populated\">\n\t\t\t\t\t\t<div class=\"elementor-element elementor-element-6761fbc elementor-widget elementor-widget-text-editor\" data-id=\"6761fbc\" data-element_type=\"widget\" data-widget_type=\"text-editor.default\">\n\t\t\t\t<div class=\"elementor-widget-container\">\n\t\t\t\t\t\t\t\t\t<p><span style=\"color: #ff6600;\"><strong>Dirigido<\/strong><\/span><\/p><p><strong style=\"color: #ff6600;\">Objetivo<\/strong><\/p><ul><li><p>Al finalizar el participante podr\u00e1 realizar los papeles de trabajo con la determinaci\u00f3n de los diferentes concepto que solicita la autoridad para un correcto llenado de la declaraci\u00f3n anual, adem\u00e1s de conocer los puntos finos a revisar en sus cuadres de informaci\u00f3n para evitar inconsistencias de la informaci\u00f3n a presentar.<\/p><\/li><\/ul>\t\t\t\t\t\t\t\t<\/div>\n\t\t\t\t<\/div>\n\t\t\t\t\t<\/div>\n\t\t<\/div>\n\t\t\t\t<div class=\"elementor-column elementor-col-20 elementor-top-column elementor-element elementor-element-7651618\" data-id=\"7651618\" data-element_type=\"column\">\n\t\t\t<div class=\"elementor-widget-wrap elementor-element-populated\">\n\t\t\t\t\t\t<div class=\"elementor-element elementor-element-3c6ff85 elementor-widget elementor-widget-text-editor\" data-id=\"3c6ff85\" data-element_type=\"widget\" data-widget_type=\"text-editor.default\">\n\t\t\t\t<div class=\"elementor-widget-container\">\n\t\t\t\t\t\t\t\t\t<h5><span style=\"color: #ff6600;\">Temario:<\/span><\/h5><ol><li><strong>NOVEDADES Y CONSIDERACIONES A LA PRESENTACION DE LA DECLARACION ANUAL DEL EJERCICIO 2022<\/strong><\/li><\/ol><ol><li style=\"list-style-type: none;\"><ol><li>Reglas y art\u00edculos aplicables al formulario de la declaraci\u00f3n anual<\/li><li>Preguntas y respuestas comunes al formato electr\u00f3nico<\/li><li>Recomendaciones contables, electr\u00f3nicas y fiscales<\/li><\/ol><\/li><\/ol><ol start=\"2\"><li><strong>INGRESOS ACUMULABLES \u2013 INGRESOS NOMINALES<\/strong><\/li><li>Ingresos Acumulables Vs Ingresos No Acumulables<\/li><li>Conciliaci\u00f3n entre Ingresos acumulables e Ingresos nominales en pagos provisionales<\/li><li>Declaraciones complementarias para corregir los ingresos<\/li><li>Detalle de los ingresos nominales en la declaraci\u00f3n anual<\/li><li>Determinaci\u00f3n del ajuste anual por inflaci\u00f3n<\/li><li><strong>DEDUCCIONES AUTORIZADAS Y NO DEDUCIBLES<\/strong><\/li><li>Gastos y deducciones en la declaraci\u00f3n anual<\/li><li>No deducibles<\/li><li>Sueldos y salarios:<br \/>\u2013 Amarre con los CFDI y el visor de n\u00f3mina<br \/>\u2013 Determinaci\u00f3n de la parte deducible y no deducible de los exentos<\/li><li>Deducciones relacionadas con la n\u00f3mina:<br \/>\u2013 Cuotas pagadas por los patrones al IMSS<br \/>\u2013 Impuestos locales por concepto de remuneraci\u00f3n de salarios<br \/>\u2013 Aportaciones para jubilaci\u00f3n y vejez, INFONAVIT y SAR<br \/>\u2013 Otros conceptos<\/li><li>Inversiones:<br \/>\u2013 Activos fijos<br \/>\u2013 Gastos y cargos diferidos<br \/>\u2013 C\u00e9dula de inversiones<br \/>\u2013 Detalle de las deducciones por inversiones<\/li><li>Determinaci\u00f3n del costo de lo vendido<\/li><li><strong>CALCULOS FISCALES SOLICITADOS EN LA DECLARACION ANUAL<\/strong><\/li><li>Determinaci\u00f3n del ISR del ejercicio 2022<\/li><li>Determinaci\u00f3n de la CUFIN<\/li><li>Determinaci\u00f3n de la CUCA<\/li><li>Actualizaci\u00f3n de p\u00e9rdidas fiscales<\/li><li>Determinaci\u00f3n de la PTU<\/li><li>Ajuste anual por inflaci\u00f3n<\/li><li><strong>Informaci\u00f3n adicional<\/strong><\/li><li>C\u00e9dulas en MS Excel para la determinaci\u00f3n del ISR<\/li><li><strong>Comentarios y precisiones a los Estados Financieros solicitados por el SAT<\/strong><ol><li>Estado de Posici\u00f3n Financiera<\/li><li>Estado de Resultados<\/li><li>Estado de Flujo de Efectivo<\/li><li>Estado de Cambios en el Capital Contable<\/li><li>Estados Financiero comparados y notas a los mismos<\/li><\/ol><\/li><\/ol><p>\u00a0<\/p>\t\t\t\t\t\t\t\t<\/div>\n\t\t\t\t<\/div>\n\t\t\t\t\t<\/div>\n\t\t<\/div>\n\t\t\t\t<div class=\"elementor-column elementor-col-20 elementor-top-column elementor-element elementor-element-50e6d63\" data-id=\"50e6d63\" data-element_type=\"column\">\n\t\t\t<div class=\"elementor-widget-wrap\">\n\t\t\t\t\t\t\t<\/div>\n\t\t<\/div>\n\t\t\t\t<div class=\"elementor-column elementor-col-20 elementor-top-column elementor-element elementor-element-20b8d34\" data-id=\"20b8d34\" data-element_type=\"column\">\n\t\t\t<div class=\"elementor-widget-wrap elementor-element-populated\">\n\t\t\t\t\t\t<div class=\"elementor-element elementor-element-baf7269 elementor-widget elementor-widget-spacer\" data-id=\"baf7269\" data-element_type=\"widget\" data-widget_type=\"spacer.default\">\n\t\t\t\t<div class=\"elementor-widget-container\">\n\t\t\t\t\t\t\t<div class=\"elementor-spacer\">\n\t\t\t<div class=\"elementor-spacer-inner\"><\/div>\n\t\t<\/div>\n\t\t\t\t\t\t<\/div>\n\t\t\t\t<\/div>\n\t\t\t\t\t<\/div>\n\t\t<\/div>\n\t\t\t\t\t<\/div>\n\t\t<\/section>\n\t\t\t\t<section class=\"elementor-section elementor-top-section elementor-element elementor-element-5ca0ad2 elementor-section-full_width elementor-section-height-default elementor-section-height-default\" data-id=\"5ca0ad2\" data-element_type=\"section\">\n\t\t\t\t\t\t<div class=\"elementor-container elementor-column-gap-default\">\n\t\t\t\t\t<div class=\"elementor-column elementor-col-100 elementor-top-column elementor-element elementor-element-6901e92\" data-id=\"6901e92\" data-element_type=\"column\">\n\t\t\t<div class=\"elementor-widget-wrap elementor-element-populated\">\n\t\t\t\t\t\t<div class=\"elementor-element elementor-element-8803417 elementor-widget elementor-widget-spacer\" data-id=\"8803417\" data-element_type=\"widget\" data-widget_type=\"spacer.default\">\n\t\t\t\t<div class=\"elementor-widget-container\">\n\t\t\t\t\t\t\t<div class=\"elementor-spacer\">\n\t\t\t<div class=\"elementor-spacer-inner\"><\/div>\n\t\t<\/div>\n\t\t\t\t\t\t<\/div>\n\t\t\t\t<\/div>\n\t\t\t\t<div class=\"elementor-element elementor-element-6bd4371 elementor-widget elementor-widget-heading\" data-id=\"6bd4371\" data-element_type=\"widget\" data-widget_type=\"heading.default\">\n\t\t\t\t<div class=\"elementor-widget-container\">\n\t\t\t\t\t<h2 class=\"elementor-heading-title elementor-size-default\">\u00bfQuien Impartir\u00e1 este Curso?<\/h2>\t\t\t\t<\/div>\n\t\t\t\t<\/div>\n\t\t\t\t\t<\/div>\n\t\t<\/div>\n\t\t\t\t\t<\/div>\n\t\t<\/section>\n\t\t\t\t<section class=\"elementor-section elementor-top-section elementor-element elementor-element-c876e84 elementor-section-full_width elementor-section-height-default elementor-section-height-default\" data-id=\"c876e84\" data-element_type=\"section\">\n\t\t\t\t\t\t<div class=\"elementor-container elementor-column-gap-default\">\n\t\t\t\t\t<div class=\"elementor-column elementor-col-50 elementor-top-column elementor-element elementor-element-3000def\" data-id=\"3000def\" data-element_type=\"column\">\n\t\t\t<div class=\"elementor-widget-wrap elementor-element-populated\">\n\t\t\t\t\t\t<div class=\"elementor-element elementor-element-5703495 elementor-widget elementor-widget-image\" data-id=\"5703495\" data-element_type=\"widget\" data-widget_type=\"image.default\">\n\t\t\t\t<div class=\"elementor-widget-container\">\n\t\t\t\t\t\t\t\t\t\t\t\t\t\t\t<img decoding=\"async\" src=\"https:\/\/caficon.info\/wp-content\/uploads\/2022\/03\/3-819x1024-2.jpg\" title=\"3-819&#215;1024\" alt=\"3-819x1024\" loading=\"lazy\" \/>\t\t\t\t\t\t\t\t\t\t\t\t\t\t\t<\/div>\n\t\t\t\t<\/div>\n\t\t\t\t<div class=\"elementor-element elementor-element-7ef7c43 elementor-widget elementor-widget-html\" data-id=\"7ef7c43\" data-element_type=\"widget\" data-widget_type=\"html.default\">\n\t\t\t\t<div class=\"elementor-widget-container\">\n\t\t\t\t\t<h4 style=\"text-align: center;\"><span style=\"color: #ff6600;\">L.C. y L.I. Ruben Torres Benitez<\/span><\/h4>\t\t\t\t<\/div>\n\t\t\t\t<\/div>\n\t\t\t\t\t<\/div>\n\t\t<\/div>\n\t\t\t\t<div class=\"elementor-column elementor-col-50 elementor-top-column elementor-element elementor-element-59b020e\" data-id=\"59b020e\" data-element_type=\"column\">\n\t\t\t<div class=\"elementor-widget-wrap elementor-element-populated\">\n\t\t\t\t\t\t<div class=\"elementor-element elementor-element-f686b3a elementor-widget elementor-widget-spacer\" data-id=\"f686b3a\" data-element_type=\"widget\" data-widget_type=\"spacer.default\">\n\t\t\t\t<div class=\"elementor-widget-container\">\n\t\t\t\t\t\t\t<div class=\"elementor-spacer\">\n\t\t\t<div class=\"elementor-spacer-inner\"><\/div>\n\t\t<\/div>\n\t\t\t\t\t\t<\/div>\n\t\t\t\t<\/div>\n\t\t\t\t<div class=\"elementor-element elementor-element-8869564 elementor-widget elementor-widget-heading\" data-id=\"8869564\" data-element_type=\"widget\" data-widget_type=\"heading.default\">\n\t\t\t\t<div class=\"elementor-widget-container\">\n\t\t\t\t\t<h2 class=\"elementor-heading-title elementor-size-default\">CV:<\/h2>\t\t\t\t<\/div>\n\t\t\t\t<\/div>\n\t\t\t\t<div class=\"elementor-element elementor-element-6834082 elementor-hidden-desktop elementor-hidden-tablet elementor-hidden-mobile elementor-widget elementor-widget-text-editor\" data-id=\"6834082\" data-element_type=\"widget\" data-widget_type=\"text-editor.default\">\n\t\t\t\t<div class=\"elementor-widget-container\">\n\t\t\t\t\t\t\t\t\t<p><strong>Coordinadora de RRHH con m\u00e1s de 10 a\u00f1os de experiencia principalmente en capacitaci\u00f3n y desarrollo organizacional. Mis principales objetivos radican en fomentar la capacidad de integraci\u00f3n y colaboraci\u00f3n entre los miembros de la organizaci\u00f3n, identificar y atender oportunamente las necesidades tanto de los colaboradores como de la instituci\u00f3n, adem\u00e1s de, evaluar el desempe\u00f1o y contribuir con su desarrollo en pro de la mejora continua. <\/strong><\/p><p><strong>EXPERIENCIA <\/strong><\/p><p><strong>INSTITUTO MEXICANO DE CONTADORES P\u00daBLICOS, A.C<\/strong><\/p><p><strong>\u00a0Coordinadora de Talento Humano (julio 2013-actual) <\/strong><\/p><p><strong>RECLUTAMIENTO Y SELECCI\u00d3N <\/strong><\/p><p><strong>Dise\u00f1o de las estrategias de reclutamiento y selecci\u00f3n a partir del perfil de puestos y objetivos institucionales. Entrevista por competencias y assessment center <\/strong><\/p><p><strong>DESARROLLO ORGANIZACIONAL <\/strong><\/p><p><strong>Elaboraci\u00f3n de perfil de puestos por competencias, valuaci\u00f3n del rendimiento laboral (diagn\u00f3stico, retroalimentaci\u00f3n, evaluaci\u00f3n, intervenci\u00f3n y seguimiento). Analizar, evaluar y establecer las pol\u00edticas, procesos y procedimientos propios del \u00e1rea de RRHH y coadyuvar en la implementaci\u00f3n de procesos y procedimientos de otras \u00e1reas, as\u00ed como, las funciones y objetivos de todos los puestos que integran la estructura administrativa de la instituci\u00f3n. Modelo de competencias alineado a la filosof\u00eda organizacional. <\/strong><\/p><p><strong>EVALUACI\u00d3N DE DESEMPE\u00d1O <\/strong><\/p><p><strong>An\u00e1lisis y evaluaci\u00f3n de desempe\u00f1o de acuerdo con lo establecido en el manual organizacional y plan estrat\u00e9gico. <\/strong><\/p><p><strong>GESTI\u00d3N DEL TALENTO <\/strong><\/p><p><strong>\u00a0<\/strong><\/p><p><strong>Retenci\u00f3n y desarrollo del \u00abtop talent\u00bb (plan de carrera) Convenios con Instituciones educativas para posicionar a la instituci\u00f3n como referente de desarrollo profesional en t\u00e9rminos de pr\u00e1cticas profesionales, servicio social y\/o estad\u00edas universitarias <\/strong><\/p>\t\t\t\t\t\t\t\t<\/div>\n\t\t\t\t<\/div>\n\t\t\t\t<div class=\"elementor-element elementor-element-a41f3a8 elementor-widget elementor-widget-spacer\" data-id=\"a41f3a8\" data-element_type=\"widget\" data-widget_type=\"spacer.default\">\n\t\t\t\t<div class=\"elementor-widget-container\">\n\t\t\t\t\t\t\t<div class=\"elementor-spacer\">\n\t\t\t<div class=\"elementor-spacer-inner\"><\/div>\n\t\t<\/div>\n\t\t\t\t\t\t<\/div>\n\t\t\t\t<\/div>\n\t\t\t\t\t<\/div>\n\t\t<\/div>\n\t\t\t\t\t<\/div>\n\t\t<\/section>\n\t\t\t\t<\/div>\n\t\t","protected":false},"excerpt":{"rendered":"<p>Que encontraras en el Temario Dirigido Objetivo Al finalizar el participante podr\u00e1 realizar los papeles de trabajo con la determinaci\u00f3n de los diferentes concepto que solicita la autoridad para un correcto llenado de la declaraci\u00f3n anual, adem\u00e1s de conocer los puntos finos a revisar en sus cuadres de informaci\u00f3n para evitar inconsistencias de la informaci\u00f3n [&hellip;]<\/p>\n","protected":false},"author":1,"featured_media":0,"parent":0,"menu_order":0,"comment_status":"closed","ping_status":"closed","template":"","meta":{"footnotes":""},"class_list":["post-28167","page","type-page","status-publish","hentry"],"_links":{"self":[{"href":"https:\/\/caficon.info\/index.php\/wp-json\/wp\/v2\/pages\/28167","targetHints":{"allow":["GET"]}}],"collection":[{"href":"https:\/\/caficon.info\/index.php\/wp-json\/wp\/v2\/pages"}],"about":[{"href":"https:\/\/caficon.info\/index.php\/wp-json\/wp\/v2\/types\/page"}],"author":[{"embeddable":true,"href":"https:\/\/caficon.info\/index.php\/wp-json\/wp\/v2\/users\/1"}],"replies":[{"embeddable":true,"href":"https:\/\/caficon.info\/index.php\/wp-json\/wp\/v2\/comments?post=28167"}],"version-history":[{"count":10,"href":"https:\/\/caficon.info\/index.php\/wp-json\/wp\/v2\/pages\/28167\/revisions"}],"predecessor-version":[{"id":28420,"href":"https:\/\/caficon.info\/index.php\/wp-json\/wp\/v2\/pages\/28167\/revisions\/28420"}],"wp:attachment":[{"href":"https:\/\/caficon.info\/index.php\/wp-json\/wp\/v2\/media?parent=28167"}],"curies":[{"name":"wp","href":"https:\/\/api.w.org\/{rel}","templated":true}]}}