{"id":28510,"date":"2023-02-08T21:56:08","date_gmt":"2023-02-08T21:56:08","guid":{"rendered":"https:\/\/caficon.info\/?page_id=28510"},"modified":"2023-04-14T22:22:26","modified_gmt":"2023-04-14T22:22:26","slug":"calendario-3","status":"publish","type":"page","link":"https:\/\/caficon.info\/index.php\/calendario-3\/","title":{"rendered":"Calendario 3"},"content":{"rendered":"\t\t<div data-elementor-type=\"wp-page\" data-elementor-id=\"28510\" class=\"elementor elementor-28510\" data-elementor-post-type=\"page\">\n\t\t\t\t\t\t<section class=\"elementor-section elementor-top-section elementor-element elementor-element-cb36581 elementor-section-boxed elementor-section-height-default elementor-section-height-default\" data-id=\"cb36581\" data-element_type=\"section\">\n\t\t\t\t\t\t<div class=\"elementor-container elementor-column-gap-default\">\n\t\t\t\t\t<div class=\"elementor-column elementor-col-50 elementor-top-column elementor-element elementor-element-b1cc323\" data-id=\"b1cc323\" data-element_type=\"column\">\n\t\t\t<div class=\"elementor-widget-wrap elementor-element-populated\">\n\t\t\t\t\t\t<div class=\"elementor-element elementor-element-df46e14 elementor-invisible elementor-widget elementor-widget-image\" data-id=\"df46e14\" data-element_type=\"widget\" data-settings=\"{&quot;_animation&quot;:&quot;bounceInLeft&quot;}\" data-widget_type=\"image.default\">\n\t\t\t\t<div class=\"elementor-widget-container\">\n\t\t\t\t\t\t\t\t\t\t\t\t\t\t\t<img fetchpriority=\"high\" decoding=\"async\" width=\"800\" height=\"800\" src=\"https:\/\/caficon.info\/wp-content\/uploads\/2023\/04\/Abril-4-1-1024x1024.png\" class=\"attachment-large size-large wp-image-30148\" alt=\"\" srcset=\"https:\/\/caficon.info\/wp-content\/uploads\/2023\/04\/Abril-4-1-1024x1024.png 1024w, https:\/\/caficon.info\/wp-content\/uploads\/2023\/04\/Abril-4-1-300x300.png 300w, https:\/\/caficon.info\/wp-content\/uploads\/2023\/04\/Abril-4-1-150x150.png 150w, https:\/\/caficon.info\/wp-content\/uploads\/2023\/04\/Abril-4-1-768x768.png 768w, https:\/\/caficon.info\/wp-content\/uploads\/2023\/04\/Abril-4-1-600x600.png 600w, https:\/\/caficon.info\/wp-content\/uploads\/2023\/04\/Abril-4-1-100x100.png 100w, https:\/\/caficon.info\/wp-content\/uploads\/2023\/04\/Abril-4-1.png 1100w\" sizes=\"(max-width: 800px) 100vw, 800px\" \/>\t\t\t\t\t\t\t\t\t\t\t\t\t\t\t<\/div>\n\t\t\t\t<\/div>\n\t\t\t\t\t<\/div>\n\t\t<\/div>\n\t\t\t\t<div class=\"elementor-column elementor-col-50 elementor-top-column elementor-element elementor-element-59c9886 elementor-invisible\" data-id=\"59c9886\" data-element_type=\"column\" data-settings=\"{&quot;animation&quot;:&quot;bounceInRight&quot;}\">\n\t\t\t<div class=\"elementor-widget-wrap elementor-element-populated\">\n\t\t\t\t\t\t<div class=\"elementor-element elementor-element-9109dc2 elementor-widget elementor-widget-heading\" data-id=\"9109dc2\" data-element_type=\"widget\" data-widget_type=\"heading.default\">\n\t\t\t\t<div class=\"elementor-widget-container\">\n\t\t\t\t\t<h2 class=\"elementor-heading-title elementor-size-default\">El Correcto llenado del CFDI 4.0 ponente. L.C. y L.I. Ruben\u00a0Torres\u00a0Benitez<\/h2>\t\t\t\t<\/div>\n\t\t\t\t<\/div>\n\t\t\t\t<div class=\"elementor-element elementor-element-aed910c elementor-widget elementor-widget-spacer\" data-id=\"aed910c\" data-element_type=\"widget\" data-widget_type=\"spacer.default\">\n\t\t\t\t<div class=\"elementor-widget-container\">\n\t\t\t\t\t\t\t<div class=\"elementor-spacer\">\n\t\t\t<div class=\"elementor-spacer-inner\"><\/div>\n\t\t<\/div>\n\t\t\t\t\t\t<\/div>\n\t\t\t\t<\/div>\n\t\t\t\t<div class=\"elementor-element elementor-element-b410b3d elementor-widget elementor-widget-text-editor\" data-id=\"b410b3d\" data-element_type=\"widget\" data-widget_type=\"text-editor.default\">\n\t\t\t\t<div class=\"elementor-widget-container\">\n\t\t\t\t\t\t\t\t\t<p><span style=\"color: #000000;\">Fecha:<\/span><\/p><p style=\"text-align: center;\">18\/04\/2023<\/p>\t\t\t\t\t\t\t\t<\/div>\n\t\t\t\t<\/div>\n\t\t\t\t\t<\/div>\n\t\t<\/div>\n\t\t\t\t\t<\/div>\n\t\t<\/section>\n\t\t\t\t<section class=\"elementor-section elementor-top-section elementor-element elementor-element-6f19de2 elementor-hidden-desktop elementor-hidden-tablet elementor-hidden-mobile elementor-section-boxed elementor-section-height-default elementor-section-height-default\" data-id=\"6f19de2\" data-element_type=\"section\">\n\t\t\t\t\t\t<div class=\"elementor-container elementor-column-gap-default\">\n\t\t\t\t\t<div class=\"elementor-column elementor-col-100 elementor-top-column elementor-element elementor-element-a08932c\" data-id=\"a08932c\" data-element_type=\"column\">\n\t\t\t<div class=\"elementor-widget-wrap elementor-element-populated\">\n\t\t\t\t\t\t<div class=\"elementor-element elementor-element-b9a734e elementor-invisible elementor-widget elementor-widget-heading\" data-id=\"b9a734e\" data-element_type=\"widget\" data-settings=\"{&quot;_animation&quot;:&quot;slideInDown&quot;}\" data-widget_type=\"heading.default\">\n\t\t\t\t<div class=\"elementor-widget-container\">\n\t\t\t\t\t<h2 class=\"elementor-heading-title elementor-size-default\">Temario:<\/h2>\t\t\t\t<\/div>\n\t\t\t\t<\/div>\n\t\t\t\t\t<\/div>\n\t\t<\/div>\n\t\t\t\t\t<\/div>\n\t\t<\/section>\n\t\t\t\t<section class=\"elementor-section elementor-top-section elementor-element elementor-element-36ef6e5 elementor-hidden-desktop elementor-hidden-tablet elementor-hidden-mobile elementor-section-boxed elementor-section-height-default elementor-section-height-default elementor-invisible\" data-id=\"36ef6e5\" data-element_type=\"section\" data-settings=\"{&quot;animation&quot;:&quot;slideInDown&quot;}\">\n\t\t\t\t\t\t<div class=\"elementor-container elementor-column-gap-default\">\n\t\t\t\t\t<div class=\"elementor-column elementor-col-50 elementor-top-column elementor-element elementor-element-b600fc2\" data-id=\"b600fc2\" data-element_type=\"column\">\n\t\t\t<div class=\"elementor-widget-wrap elementor-element-populated\">\n\t\t\t\t\t\t<div class=\"elementor-element elementor-element-a9e91c5 elementor-widget elementor-widget-text-editor\" data-id=\"a9e91c5\" data-element_type=\"widget\" data-widget_type=\"text-editor.default\">\n\t\t\t\t<div class=\"elementor-widget-container\">\n\t\t\t\t\t\t\t\t\t<p><strong>INSCRIPCION DE NUEVOS CONTRIBUYENTES<\/strong><\/p><p><strong>a)Qui\u00e9nes pueden ser RESICOS<\/strong><\/p><p><strong>b)Qui\u00e9nes no pueden ser RESICOS<\/strong><\/p><p><strong>CAMBIO A RESICO DE CONTRIBUYENTES YA INSCRITOS<\/strong><\/p><ul><li><strong>Que provienen RIF<\/strong><\/li><\/ul><ul><li><strong>De otros reg\u00edmenes<\/strong><\/li><li><strong>Que eran t\u00edtulo II<\/strong><\/li><\/ul><ul><li><strong>SALIDA DE RESICO<\/strong><\/li><\/ul><p><strong>\u00a0<\/strong><\/p><p><strong>a)Por ingresos mayores a los\u00a0 permitidos<\/strong><\/p><p><strong>b)Por incumplimiento de obligaciones<\/strong><\/p><p><strong>c)Por otras razones<\/strong><\/p><p><strong>d)Cuando salirse<\/strong><\/p><p><strong>e)Efectos al salirse del r\u00e9gimen de RESICO<\/strong><\/p><p><strong><br \/>\u00a0 \u00a0 \u00a0 \u00a0 \u00a0 CFDI<\/strong><\/p><ul><li><strong>Exenci\u00f3n de expedici\u00f3n de comprobantes<\/strong><\/li><li><strong>Comprobantes simplificados<\/strong><\/li><li><strong>CFDI de Ingresos<\/strong><\/li><li><strong>CFDI global<\/strong><\/li><li><strong>CFDI de egresos<\/strong><\/li><li><strong>Cancelaci\u00f3n de CFDI<\/strong><\/li><li><strong>Versi\u00f3n 4.0<\/strong><\/li><\/ul>\t\t\t\t\t\t\t\t<\/div>\n\t\t\t\t<\/div>\n\t\t\t\t\t<\/div>\n\t\t<\/div>\n\t\t\t\t<div class=\"elementor-column elementor-col-50 elementor-top-column elementor-element elementor-element-041f6a3\" data-id=\"041f6a3\" data-element_type=\"column\">\n\t\t\t<div class=\"elementor-widget-wrap elementor-element-populated\">\n\t\t\t\t\t\t<div class=\"elementor-element elementor-element-4d60a1c elementor-widget elementor-widget-text-editor\" data-id=\"4d60a1c\" data-element_type=\"widget\" data-widget_type=\"text-editor.default\">\n\t\t\t\t<div class=\"elementor-widget-container\">\n\t\t\t\t\t\t\t\t\t<p><strong>\u00a0 \u00a0 \u00a0 \u00a0 \u00a0CONTABILIDAD<\/strong><\/p><ul><li><strong>Contabilidad financiera<\/strong><\/li><li><strong>Timbrado<\/strong><\/li><li><strong>Mis cuentas<\/strong><p><strong>ISR<\/strong><\/p><\/li><\/ul><ul><li><strong>Ingresos acumulables<\/strong><\/li><li><strong>Deducciones<\/strong><\/li><li><strong>Determinaci\u00f3n de ISR<\/strong><p><strong>DECLARACIONES<\/strong><\/p><\/li><\/ul><ul><li><strong>De ISR e IVA<\/strong><\/li><li><strong>DIOT<\/strong><p><strong>REGLAS MISCELANEAS ESPECIFICAS APLICABLES<\/strong><\/p><\/li><\/ul><ul><li><strong>Buz\u00f3n tributario<\/strong><\/li><li><strong>Firma y CSD<\/strong><\/li><li><strong>Partes relacionadas<\/strong><\/li><li><strong>Discrepancia fiscal y lavado de dineo.<\/strong><\/li><\/ul>\t\t\t\t\t\t\t\t<\/div>\n\t\t\t\t<\/div>\n\t\t\t\t\t<\/div>\n\t\t<\/div>\n\t\t\t\t\t<\/div>\n\t\t<\/section>\n\t\t\t\t<section class=\"elementor-section elementor-top-section elementor-element elementor-element-64762ed elementor-section-boxed elementor-section-height-default elementor-section-height-default\" data-id=\"64762ed\" data-element_type=\"section\">\n\t\t\t\t\t\t<div class=\"elementor-container elementor-column-gap-default\">\n\t\t\t\t\t<div class=\"elementor-column elementor-col-100 elementor-top-column elementor-element elementor-element-0ca183f\" data-id=\"0ca183f\" data-element_type=\"column\">\n\t\t\t<div class=\"elementor-widget-wrap\">\n\t\t\t\t\t\t\t<\/div>\n\t\t<\/div>\n\t\t\t\t\t<\/div>\n\t\t<\/section>\n\t\t\t\t<section class=\"elementor-section elementor-top-section elementor-element elementor-element-6dd0722 elementor-section-boxed elementor-section-height-default elementor-section-height-default\" data-id=\"6dd0722\" data-element_type=\"section\">\n\t\t\t\t\t\t<div class=\"elementor-container elementor-column-gap-default\">\n\t\t\t\t\t<div class=\"elementor-column elementor-col-100 elementor-top-column elementor-element elementor-element-be47188\" data-id=\"be47188\" data-element_type=\"column\">\n\t\t\t<div class=\"elementor-widget-wrap elementor-element-populated\">\n\t\t\t\t\t\t<div class=\"elementor-element elementor-element-3d1095d elementor-invisible elementor-widget elementor-widget-heading\" data-id=\"3d1095d\" data-element_type=\"widget\" data-settings=\"{&quot;_animation&quot;:&quot;slideInDown&quot;}\" data-widget_type=\"heading.default\">\n\t\t\t\t<div class=\"elementor-widget-container\">\n\t\t\t\t\t<h2 class=\"elementor-heading-title elementor-size-default\">Temario:<\/h2>\t\t\t\t<\/div>\n\t\t\t\t<\/div>\n\t\t\t\t\t<\/div>\n\t\t<\/div>\n\t\t\t\t\t<\/div>\n\t\t<\/section>\n\t\t\t\t<section class=\"elementor-section elementor-top-section elementor-element elementor-element-1baa53c elementor-section-boxed elementor-section-height-default elementor-section-height-default elementor-invisible\" data-id=\"1baa53c\" data-element_type=\"section\" data-settings=\"{&quot;animation&quot;:&quot;slideInDown&quot;}\">\n\t\t\t\t\t\t<div class=\"elementor-container elementor-column-gap-default\">\n\t\t\t\t\t<div class=\"elementor-column elementor-col-50 elementor-top-column elementor-element elementor-element-a5c3c0f\" data-id=\"a5c3c0f\" data-element_type=\"column\">\n\t\t\t<div class=\"elementor-widget-wrap elementor-element-populated\">\n\t\t\t\t\t\t<div class=\"elementor-element elementor-element-063db97 elementor-widget elementor-widget-text-editor\" data-id=\"063db97\" data-element_type=\"widget\" data-widget_type=\"text-editor.default\">\n\t\t\t\t<div class=\"elementor-widget-container\">\n\t\t\t\t\t\t\t\t\t<ol><li>Nuevos criterios en la gu\u00eda de llenado para 2023 emitidos por el SAT<\/li><li>Nuevos cat\u00e1logos para el CFDI 4.0<\/li><li>Efecto de la cancelaci\u00f3n del CFDI 4.0 para 2023<ol><li>Cancelaci\u00f3n o nota de cr\u00e9dito<\/li><li>Implicaci\u00f3n fiscal y contable de la cancelaci\u00f3n de CFDI 4.0<\/li><li>Uso de la nota de cr\u00e9dito 2023<ol><li>Autorizaci\u00f3n y soporte documental<\/li><li>Limitaci\u00f3n al uso del CFDI de Egreso<\/li><\/ol><\/li><li>Descuentos a trav\u00e9s de CFDI de Ingresos y sus implicaciones<\/li><li>Cartas invitaci\u00f3n y las variaciones contra la autoridad<\/li><li>Repercusi\u00f3n en el prellenado del formato de pagos provisionales<\/li><\/ol><\/li><li>Precisiones a los cat\u00e1logos del SAT<ol><li>Uso de CFDI<\/li><li>Claves de Relaci\u00f3n<\/li><li>Forma y m\u00e9todo de pago<\/li><\/ol><\/li><li>CFDI mediante terceros<ol><li>Cobro a trav\u00e9s de terceros<\/li><li>Pago a trav\u00e9s de terceros<\/li><li>Formas de pago aplicables<\/li><\/ol><\/li><li>CFDI de Pago y Complemento de Pago 2.0<ol><li>IVA Trasladado y retenido<\/li><li>ISR retenido<\/li><\/ol><\/li><li>Uso del campo Objeto del Impuesto<ol><li>En materia de IVA<\/li><li>En materia de IEPS<\/li><li>En materia de ISR<\/li><li>Nueva clave 04 en el Anexo 20 de la RMF<\/li><li>Efecto que tiene en la determinaci\u00f3n del IVA del contribuyente<\/li><li>Expectativa en los formatos prellenados para 2023<\/li><\/ol><\/li><li>Uso del campo Facturaci\u00f3n a trav\u00e9s del adquirente<ol><li>Implicaci\u00f3n para operaciones del sector primario<\/li><li>Implicaci\u00f3n para operaciones de enajenaci\u00f3n de bienes seminuevos (autom\u00f3viles)<\/li><li>Otras operaciones<\/li><\/ol><\/li><li>Operaciones p\u00fablico en general<ol><li>Implicaci\u00f3n de la Informaci\u00f3n Global<\/li><li>Periodicidad<\/li><li>Recomendaciones para operaciones con p\u00fablico en general<\/li><li>Cancelaci\u00f3n de operaciones con p\u00fablico en general<\/li><\/ol><\/li><li>Complemento de carta porte<ol><li>Recomendaciones e implicaciones de uso<\/li><\/ol><\/li><li>CFDI de Informaci\u00f3n de Pagos y Retenciones<ol><li>Nuevas caracter\u00edsticas del CFDI de \u201cretenciones\u201d<\/li><\/ol><\/li><li>Adecuaciones al Anexo 20 hasta el momento y aspectos sobresalientes<ol><li>Relaci\u00f3n con la contabilidad electr\u00f3nica<\/li><li>Relaci\u00f3n con los pagos provisionales prellenados<\/li><li>Relaci\u00f3n con la declaraci\u00f3n anual prellenada<\/li><\/ol><\/li><\/ol>\t\t\t\t\t\t\t\t<\/div>\n\t\t\t\t<\/div>\n\t\t\t\t\t<\/div>\n\t\t<\/div>\n\t\t\t\t<div class=\"elementor-column elementor-col-50 elementor-top-column elementor-element elementor-element-cdbefad\" data-id=\"cdbefad\" data-element_type=\"column\">\n\t\t\t<div class=\"elementor-widget-wrap elementor-element-populated\">\n\t\t\t\t\t\t\t<\/div>\n\t\t<\/div>\n\t\t\t\t\t<\/div>\n\t\t<\/section>\n\t\t\t\t<\/div>\n\t\t","protected":false},"excerpt":{"rendered":"<p>El Correcto llenado del CFDI 4.0 ponente. L.C. y L.I. Ruben\u00a0Torres\u00a0Benitez Fecha: 18\/04\/2023 Temario: INSCRIPCION DE NUEVOS CONTRIBUYENTES a)Qui\u00e9nes pueden ser RESICOS b)Qui\u00e9nes no pueden ser RESICOS CAMBIO A RESICO DE CONTRIBUYENTES YA INSCRITOS Que provienen RIF De otros reg\u00edmenes Que eran t\u00edtulo II SALIDA DE RESICO \u00a0 a)Por ingresos mayores a los\u00a0 permitidos b)Por [&hellip;]<\/p>\n","protected":false},"author":1,"featured_media":0,"parent":0,"menu_order":0,"comment_status":"closed","ping_status":"closed","template":"","meta":{"footnotes":""},"class_list":["post-28510","page","type-page","status-publish","hentry"],"_links":{"self":[{"href":"https:\/\/caficon.info\/index.php\/wp-json\/wp\/v2\/pages\/28510","targetHints":{"allow":["GET"]}}],"collection":[{"href":"https:\/\/caficon.info\/index.php\/wp-json\/wp\/v2\/pages"}],"about":[{"href":"https:\/\/caficon.info\/index.php\/wp-json\/wp\/v2\/types\/page"}],"author":[{"embeddable":true,"href":"https:\/\/caficon.info\/index.php\/wp-json\/wp\/v2\/users\/1"}],"replies":[{"embeddable":true,"href":"https:\/\/caficon.info\/index.php\/wp-json\/wp\/v2\/comments?post=28510"}],"version-history":[{"count":34,"href":"https:\/\/caficon.info\/index.php\/wp-json\/wp\/v2\/pages\/28510\/revisions"}],"predecessor-version":[{"id":30151,"href":"https:\/\/caficon.info\/index.php\/wp-json\/wp\/v2\/pages\/28510\/revisions\/30151"}],"wp:attachment":[{"href":"https:\/\/caficon.info\/index.php\/wp-json\/wp\/v2\/media?parent=28510"}],"curies":[{"name":"wp","href":"https:\/\/api.w.org\/{rel}","templated":true}]}}